{"version":"1.0","type":"rich","provider_name":"Communication dioc\u00e8ses de Savoie","provider_url":"https:\/\/communication.catholique-savoie.fr","title":"Je soutiens la visite du Pape en France&nbsp;!","author_name":"Marie Ransome","width":"480","height":"295","url":"https:\/\/communication.catholique-savoie.fr\/Je-soutiens-la-visite-du-Pape-en-France.html","html":"\u003Ch4 class='title'\u003E\u003Ca href='https:\/\/communication.catholique-savoie.fr\/Je-soutiens-la-visite-du-Pape-en-France.html'\u003EJe soutiens la visite du Pape en France&nbsp;!\u003C\/a\u003E\u003C\/h4\u003E\u003Cblockquote class='spip'\u003E\u003Cp\u003EVotre don, si modeste soit-il, est essentiel pour permettre au plus grand nombre, et notamment les savoyards, de vivre cette rencontre exceptionnelle&nbsp;!\u003C\/p\u003E\n\u003Cp\u003EMerci de votre soutien et de votre g\u00e9n\u00e9rosit\u00e9&nbsp;!\u003C\/p\u003E\u003C\/blockquote\u003E\n"}

Communication diocèses de Savoie

<h4 class='title'><a href='https://communication.catholique-savoie.fr/Je-soutiens-la-visite-du-Pape-en-France.html'>Je soutiens la visite du Pape en France&nbsp;!</a></h4><blockquote class='spip'><p>Votre don, si modeste soit-il, est essentiel pour permettre au plus grand nombre, et notamment les savoyards, de vivre cette rencontre exceptionnelle&nbsp;!</p>
<p>Merci de votre soutien et de votre générosité&nbsp;!</p></blockquote>
