{"version":"1.0","type":"rich","provider_name":"Communication dioc\u00e8ses de Savoie","provider_url":"https:\/\/communication.catholique-savoie.fr","title":"D\u00e9couverte de l&#8217;orgue de la cath\u00e9drale de Chamb\u00e9ry","author_name":"Marie Ransome","width":"480","height":"295","url":"https:\/\/communication.catholique-savoie.fr\/Decouverte-de-l-orgue-de-la-cathedrale-de-Chambery.html","html":"\u003Ch4 class='title'\u003E\u003Ca href='https:\/\/communication.catholique-savoie.fr\/Decouverte-de-l-orgue-de-la-cathedrale-de-Chambery.html'\u003ED\u00e9couverte de l&#8217;orgue de la cath\u00e9drale de Chamb\u00e9ry\u003C\/a\u003E\u003C\/h4\u003E\u003Cblockquote class='spip'\u003E\u003Cp\u003EDans le cadre des Journ\u00e9es Europ\u00e9ennes du Patrimoine, le dimanche 20&nbsp;septembre.\u003C\/p\u003E\u003C\/blockquote\u003E\n"}

Communication diocèses de Savoie

Découverte de l&#8217;orgue de la cathédrale de Chambéry

<h4 class='title'><a href='https://communication.catholique-savoie.fr/Decouverte-de-l-orgue-de-la-cathedrale-de-Chambery.html'>Découverte de l&#8217;orgue de la cathédrale de Chambéry</a></h4><blockquote class='spip'><p>Dans le cadre des Journées Européennes du Patrimoine, le dimanche 20&nbsp;septembre.</p></blockquote>
