{"version":"1.0","type":"rich","provider_name":"Communication dioc\u00e8ses de Savoie","provider_url":"https:\/\/communication.catholique-savoie.fr","title":"A Dieu&hellip; p\u00e8re Jean F\u00e9ret","author_name":"Marie Ransome","width":"480","height":"295","url":"https:\/\/communication.catholique-savoie.fr\/A-Dieu-pere-Jean-Feret.html","html":"\u003Ch4 class='title'\u003E\u003Ca href='https:\/\/communication.catholique-savoie.fr\/A-Dieu-pere-Jean-Feret.html'\u003EA Dieu&hellip; p\u00e8re Jean F\u00e9ret\u003C\/a\u003E\u003C\/h4\u003E\u003Cblockquote class='spip'\u003E\u003Cp\u003ESes fun\u00e9railles seront c\u00e9l\u00e9br\u00e9es le jeudi 10&nbsp;septembre 2026 \u00e0 14h30 \u00e0 la Cath\u00e9drale de Chamb\u00e9ry.\u003C\/p\u003E\u003C\/blockquote\u003E\n"}

Communication diocèses de Savoie

A Dieu&hellip; père Jean Féret

<h4 class='title'><a href='https://communication.catholique-savoie.fr/A-Dieu-pere-Jean-Feret.html'>A Dieu&hellip; père Jean Féret</a></h4><blockquote class='spip'><p>Ses funérailles seront célébrées le jeudi 10&nbsp;septembre 2026 à 14h30 à la Cathédrale de Chambéry.</p></blockquote>
